omposite number?
False
Suppose 3*v - 201 + 36 = 0. Suppose -3*k - 2*i + 0*i - 121 = 0, v = -k + 3*i. Let j = -20 - k. Is j a prime number?
True
Is 3/(-15)*-5 - -190 composite?
False
Let f = 3260 + -1719. Is f a composite number?
True
Let q = 15 - 39. Is (-17)/(q/(-9) - 3) composite?
True
Let x = 855 - 608. Suppose -762 = -3*c + 5*o, x = -2*c + 3*c - 4*o. Is c composite?
True
Let b(t) = 57*t**2 - 27 + t + 27. Suppose -4*z + 2*z + 2 = 0. Is b(z) a prime number?
False
Suppose 0 = -j - 4*m + 295, -686 = 5*j - 5*m - 2236. Is j a composite number?
False
Let z(a) be the first derivative of -a**4/4 + 11*a**3/3 - 4*a**2 - 9*a - 8. Is z(7) prime?
True
Let b = -127 + -162. Let l = -198 - b. Is l a composite number?
True
Let v be 1/(-5) + (-1781)/(-5). Let h = v - 253. Is h composite?
False
Suppose 0 = g - 2*s + 8, 3*g + 1 = s - 3. Suppose g*b + 237 = 3*b. Is b a composite number?
False
Suppose w = -3*w + 7924. Is w composite?
True
Let n be 1 + -2 + (-3 - -4). Suppose 4*z - 1916 = -n*z. Is z a prime number?
True
Let r(m) = -m**3 - 2*m**2 + 5*m - 4. Let f be r(-7). Suppose -2*w + 130 = -f. Suppose 277 = 5*v - w. Is v composite?
False
Let j be -47*1 - (4 + -4). Let a = j + 84. Let u = a + 32. Is u a prime number?
False
Suppose h - 2*g + 3*g = 1, -5*h - g + 5 = 0. Let b(s) = -17*s + 1. Let n be b(-3). Let q = h + n. Is q composite?
False
Let q = 8927 - 4984. Is q composite?
False
Suppose 10 = -5*m - 5, h - 2*m - 12 = 0. Suppose t - h*t = 3*q + 18, 0 = -t - 3. Is 3*q - (-33 - 1) a composite number?
False
Let g be (9/3)/(-6)*0. Suppose 34 = -b - g*b. Let q = b - -55. Is q prime?
False
Is ((-14)/(-8))/((-4)/(-8*26)) a composite number?
True
Suppose 2*d - l - 780 = -3*d, 2*l - 610 = -4*d. Is d a prime number?
False
Suppose -2*v - 3*z + 4 = 1, -2*z = 2*v. Let d be (1 + 1)/(-2 - v). Suppose 35 + 12 = d*f - t, -5*t - 5 = 0. Is f a prime number?
True
Suppose -4*g + 10 = -14. Is (-1119)/(-9) + (-8)/g composite?
True
Is -697*(-4 + (-2 - -5))*1 prime?
False
Let y(d) = 20*d**2 + 2*d + 2. Let k be y(-2). Suppose 5*u + 87 = 2*u. Let g = k + u. Is g prime?
False
Let o = 9 - -57. Suppose 4*r = o - 6. Is r composite?
True
Let i(a) = 6*a**3 + 2*a**2 - 4*a - 31. Is i(6) prime?
False
Let x be (-2 - (-8)/(-4))/2. Let t(p) = 4*p**2 - 2*p - 1. Is t(x) prime?
True
Let z(j) = j**2 - 2*j - 1. Let y be z(-1). Suppose b - 2*b = 2*s - 20, -3*s - 19 = -y*b. Is b a prime number?
False
Let j(f) = 27*f + 2. Suppose -4*k + 21 = -k. Is j(k) composite?
False
Let a(g) = 4*g**2 + 4*g - 23. Is a(-19) a composite number?
True
Suppose -3*u - 3*n = 24, 5*u + 5*n + 34 = 2*u. Let c be -2*(u/(-3) + 1). Is (c + 5)/(2/98) composite?
True
Let o(z) = z**2 - 3*z + 3. Let l be o(3). Suppose -2 = -l*k + 4. Let y(a) = 3*a**3 - a**2 + 2. Is y(k) composite?
True
Suppose 0*i - 3*i = 222. Is i/(-5) + 3/15 a prime number?
False
Let x = 2 + 1. Suppose 2*l = x*l - 97. Is l a composite number?
False
Let l be (-556)/(-10) + (-4)/(-10). Let b = 325 + l. Is b composite?
True
Is ((-33)/44)/(2/(-536)) a prime number?
False
Let i = 3 + -1. Suppose q + i*q = 17922. Is (-2)/(-7) - q/(-14) a composite number?
True
Let q(i) = -i**3 + 2*i**2 - 2*i + 2. Let c(p) = -p**3 + 3*p**2 + p + 3. Let f be c(3). Let t = f - 9. Is q(t) a composite number?
False
Let r(t) = 3*t**2 - 2*t + 2. Let q = 7 - 5. Let p be (-32)/10 + q/10. Is r(p) composite?
True
Let c(o) = o**3 + 6*o**2 - o - 3. Let d be (-3)/5 + (-56)/(-10). Is c(d) a prime number?
False
Suppose -r + 5*v + 153 = -0*r, 5*v - 705 = -5*r. Is r prime?
False
Let r(u) = 13*u**2 - 2. Let b be (1 + 1 - 5)/1. Is r(b) prime?
False
Let k be (-3)/18 + (-31)/(-6). Suppose 0*u + 10 = k*u. Is 125 + u/(1 + 0) prime?
True
Let u = -19 + 23. Is 143 - (u/(-2) + 2) prime?
False
Let t = 1063 - 726. Is t a composite number?
False
Suppose 5*x - 3*x = 2878. Is x composite?
False
Let s = -27 - -15. Is (-6)/(-4)*(-1192)/s composite?
False
Suppose -c = -2*c - 10. Let n = c + 31. Is n/1*(-1)/(-3) a prime number?
True
Let a = -56 + 14. Let i = -7 - a. Is i a prime number?
False
Let f be ((-4)/(-1))/(-4) - -212. Is f/((-3)/(-3) - 0) composite?
False
Suppose -3*s = 5*t - 2*s - 29250, -4*t + 5*s + 23429 = 0. Is t a composite number?
False
Let n(d) = -d + 8. Let b be n(4). Suppose 0 = -3*x - t + 2*t + 54, 4*t = -b*x + 88. Is x a prime number?
True
Let m(v) = 2*v**2 - 2*v - 1. Let q be m(-1). Suppose -q*j + 5 = 4*y - 13, -6 = -3*j. Suppose y*w - w = 44. Is w prime?
False
Is ((-4179)/6)/7*-2 prime?
True
Suppose -4*m - 614 = -2*w, 5*w - 6*m - 1535 = -m. Is w a prime number?
True
Suppose -x - 10 = 2*c - 6*c, 5*c - 5 = 2*x. Is x/(-35) - (-746)/14 a composite number?
False
Let a = -73 + 17. Let p be 3/2*a/(-6). Is 10/2*p/35 composite?
False
Let g be (-11 - -29)/(1/6). Suppose 4*f - 209 = -q + g, -f = 2*q - 669. Is q a composite number?
False
Suppose 5*g + 13 + 23 = 3*c, c = -g - 4. Let a(b) = b**2 - 2*b + 1. Is a(g) prime?
False
Let b(f) = 2*f**3 - 2*f**2. Let m(u) = -u**2 - u - 1. Let z(q) = b(q) + 3*m(q). Is z(4) prime?
False
Suppose 0 = m + 2*m + 3. Let l be (2/4*218)/m. Let j = -72 - l. Is j composite?
False
Suppose -4*m - 8*n + 5311 = -3*n, 2*m + 4*n - 2654 = 0. Is m composite?
True
Let u(q) = -q - 6. Let g be u(-6). Suppose 0 = -2*y + 6, g*p = 2*p + 4*y - 254. Is p a prime number?
False
Let t(l) = -l + 7. Let k be t(8). Let o = 9 + -15. Is (-13)/k + o/3 a composite number?
False
Let q(j) be the third derivative of j**6/120 + j**5/20 + j**4/12 + j**3/2 - 2*j**2. Let n be q(-2). Suppose -237 + 78 = -n*y. Is y a composite number?
False
Let x(h) = -h**3 - 5*h**2 + 8*h + 9. Let a be x(-6). Let m be -2*(-4)/6*a. Is 33 + m + -3*1 a composite number?
True
Let q be 6/9 - 62/(-6). Let o = q + 8. Suppose o = -0*f + f. Is f a composite number?
False
Let o(z) = z**3 + 11*z**2 + 7*z - 4. Is o(-9) prime?
False
Is 4/((-16)/(-5910)) - 3/6 prime?
False
Suppose 4*t = b + 111, 3*t + 3*b = 22 + 65. Suppose 3*k = 2*v + t, 49 = 4*k - 5*v - 0. Let o = k - 3. Is o prime?
True
Suppose 8*w + 49 = t + 3*w, 0 = -2*w + 4. Is t a prime number?
True
Suppose s - 2*s = -4. Let t(u) be the third derivative of 5*u**4/24 + u**3/6 + u**2. Is t(s) prime?
False
Let w(k) = -142*k + 11. Is w(-5) prime?
False
Let i be ((-1)/(-3))/(3/9). Let a be i + (-1)/((-2)/22). Let k = -5 + a. Is k a prime number?
True
Suppose -16 = 4*s, 4*s = -4*c + 8*s + 8. Is (c + 459/6)*2 a prime number?
True
Is (9/6)/(24/5744) composite?
False
Let m(r) = -r**3 - 8*r**2 - 2*r - 12. Let t be m(-8). Suppose -t = z - 69. Is z composite?
True
Suppose -44 = 5*q + 331. Suppose -3*s = z + z + 151, -s = 2*z + 45. Let j = s - q. Is j a prime number?
False
Let w = 50 + -70. Let l = -10 - w. Suppose 0 = -l*h + 5*h + 155. Is h prime?
True
Let p(x) = 7*x**3 - 4*x**2 - 6*x + 2. Let q(c) = c**3 - c**2 - c - 1. Let i(o) = p(o) - 2*q(o). Is i(3) composite?
False
Let t be (14/4)/(3/6). Suppose -t + 2 = -d. Suppose 61 = 2*j - d. Is j composite?
True
Suppose 0 = -2*r + r + 3. Suppose -r*n + 265 = 43. Is n a composite number?
True
Let v = 2350 + -1211. Is v a composite number?
True
Suppose -3*i = -5*s - 9 - 252, 201 = -4*s + 5*i. Let c = s - -16. Let f = -3 - c. Is f a composite number?
True
Let w be 0*((-3)/(-2))/(-3). Suppose w*y = -4*y + 268. Is y a composite number?
False
Suppose 176 = h - 5*h - v, -v - 86 = 2*h. Let u = h + 101. Suppose 3*b = -b + u. Is b a composite number?
True
Let s(g) = -g**3 + 6*g**2 - 4*g + 1. Let z be s(5). Let p(l) = 8*l + 5. Let d(k) = 8*k + 4. Let h(f) = -2*d(f) + 3*p(f). Is h(z) prime?
False
Let a be -2*6*(-1)/4. Suppose -u - 2*b = b - 455, -a*b + 1856 = 4*u. Is u a composite number?
False
Let t(w) = -329*w - 1. Is t(-4) prime?
False
Let l = -12 + 16. Suppose l*z - 112 = -8*h + 4*h, 4*h + 167 = 5*z. Is z composite?
False
Suppose 2*g + 2*x - 16 = 0, -4*x - x = -g - 10. Let r(t) = 3*t + 1. Let f be r(1). Suppose -3*d - f*p = -289, 3*p - 319 = -g*d + 148. Is d a prime number?
False
Let s(g) = g**2 - 7*g - 1. Is s(-7) a composite number?
False
Let o(q) = -8*q**3 - 10*q**2 + 10*q + 5. Let u be o(-8). Is 4/(-8) - u/(-6) a prime number?
True
Let x be (1/(-3))/((-3)/45). Let g(n) be the third derivative of -n**5/60 + n**4/4 + n**3/3 + n**2. Is g(x) a composite number?
False
Let p = -680 - -1167. Is p composite?
False
Let i = -7 + 9. Suppose -4*o = i*c + 10, 14 = 4*c - 2*c -